7
What are the prime factors of 44873?
23, 1951
List the prime factors of 1812.
2, 3, 151
What are the prime factors of 1376?
2, 43
List the prime factors of 2379.
3, 13, 61
List the prime factors of 991.
991
List the prime factors of 14440.
2, 5, 19
List the prime factors of 8811.
3, 11, 89
What are the prime factors of 14?
2, 7
What are the prime factors of 730?
2, 5, 73
List the prime factors of 8066.
2, 37, 109
What are the prime factors of 17380?
2, 5, 11, 79
List the prime factors of 1016.
2, 127
What are the prime factors of 640?
2, 5
List the prime factors of 2168.
2, 271
List the prime factors of 40350.
2, 3, 5, 269
What are the prime factors of 13618?
2, 11, 619
What are the prime factors of 4000?
2, 5
List the prime factors of 15579.
3, 577
List the prime factors of 1088.
2, 17
List the prime factors of 19403.
19403
What are the prime factors of 3684?
2, 3, 307
What are the prime factors of 676?
2, 13
List the prime factors of 8512.
2, 7, 19
What are the prime factors of 7351?
7351
List the prime factors of 5334.
2, 3, 7, 127
What are the prime factors of 4046?
2, 7, 17
What are the prime factors of 5383?
7, 769
What are the prime factors of 91256?
2, 11, 17, 61
List the prime factors of 8233.
8233
List the prime factors of 27875.
5, 223
What are the prime factors of 79661?
37, 2153
List the prime factors of 151.
151
List the prime factors of 295.
5, 59
What are the prime factors of 472?
2, 59
List the prime factors of 826.
2, 7, 59
List the prime factors of 6773.
13, 521
What are the prime factors of 2480?
2, 5, 31
What are the prime factors of 41548?
2, 13, 17, 47
List the prime factors of 2980.
2, 5, 149
What are the prime factors of 678?
2, 3, 113
What are the prime factors of 14100?
2, 3, 5, 47
List the prime factors of 2765.
5, 7, 79
What are the prime factors of 1195?
5, 239
What are the prime factors of 1072?
2, 67
List the prime factors of 781.
11, 71
List the prime factors of 81653.
11, 13, 571
List the prime factors of 35258.
2, 17, 61
List the prime factors of 2491.
47, 53
What are the prime factors of 1316?
2, 7, 47
List the prime factors of 4789.
4789
What are the prime factors of 20134?
2, 10067
List the prime factors of 28881.
3, 3209
What are the prime factors of 3?
3
List the prime factors of 6526.
2, 13, 251
List the prime factors of 1473.
3, 491
List the prime factors of 660.
2, 3, 5, 11
What are the prime factors of 10122?
2, 3, 7, 241
What are the prime factors of 16496?
2, 1031
List the prime factors of 1683.
3, 11, 17
What are the prime factors of 111043?
111043
What are the prime factors of 190753?
190753
List the prime factors of 6248.
2, 11, 71
What are the prime factors of 8578?
2, 4289
List the prime factors of 13769.
7, 281
What are the prime factors of 2574?
2, 3, 11, 13
What are the prime factors of 4545?
3, 5, 101
List the prime factors of 1885.
5, 13, 29
What are the prime factors of 12813?
3, 4271
List the prime factors of 112.
2, 7
What are the prime factors of 43275?
3, 5, 577
List the prime factors of 5944.
2, 743
List the prime factors of 2796.
2, 3, 233
What are the prime factors of 4976?
2, 311
What are the prime factors of 294?
2, 3, 7
What are the prime factors of 893?
19, 47
List the prime factors of 8253.
3, 7, 131
List the prime factors of 433.
433
List the prime factors of 1960.
2, 5, 7
List the prime factors of 41755.
5, 7, 1193
List the prime factors of 2344.
2, 293
List the prime factors of 15982.
2, 61, 131
List the prime factors of 197314.
2, 13, 7589
What are the prime factors of 3773?
7, 11
List the prime factors of 22665.
3, 5, 1511
List the prime factors of 938.
2, 7, 67
What are the prime factors of 460?
2, 5, 23
List the prime factors of 42034.
2, 21017
What are the prime factors of 28613?
13, 31, 71
What are the prime factors of 43394?
2, 13, 1669
List the prime factors of 11009.
101, 109
What are the prime factors of 1204?
2, 7, 43
What are the prime factors of 1086?
2, 3, 181
List the prime factors of 3657.
3, 23, 53
List the prime factors of 3476.
2, 11, 79
What are the prime factors of 28422?
2, 3, 1579
List the prime factors of 26439.
3, 7, 1259
List the prime factors of 1910.
2, 5, 191
What are the prime factors of 8348?
2, 2087
What are the prime factors of 729?
3
List the prime factors of 9753.
3, 3251
What are the prime factors of 3724?
2, 7, 19
List the prime factors of 14546.
2, 7, 1039
List the prime factors of 116779.
13, 691
What are the prime factors of 20817?
3, 257
What are the prime factors of 863?
863
What are the prime factors of 29994?
2, 3, 4999
List the prime factors of 21451.
19, 1129
List the prime factors of 580.
2, 5, 29
List the prime factors of 47847.
3, 41, 389
List the prime factors of 16747.
16747
List the prime factors of 55859.
83, 673
List the prime factors of 34499.
34499
List the prime factors of 7130.
2, 5, 23, 31
What are the prime factors of 1324?
2, 331
List the prime factors of 4201.
4201
List the prime factors of 93161.
59, 1579
List the prime factors of 1257.
3, 419
List the prime factors of 8221.
8221
What are the prime factors of 1579?
1579
List the prime factors of 58188.
2, 3, 13, 373
List the prime factors of 3344.
2, 11, 19
List the prime factors of 1409.
1409
What are the prime factors of 4320?
2, 3, 5
What are the prime factors of 36494?
2, 71, 257
List the prime factors of 12123.
3, 449
List the prime factors of 239.
239
What are the prime factors of 4395?
3, 5, 293
List the prime factors of 26383.
7, 3769
List the prime factors of 17951.
29, 619
List the prime factors of 267.
3, 89
List the prime factors of 4371.
3, 31, 47
List the prime factors of 81017.
81017
List the prime factors of 12269.
12269
What are the prime factors of 1929?
3, 643
List the prime factors of 2514.
2, 3, 419
What are the prime factors of 2301?
3, 13, 59
List the prime factors of 854.
2, 7, 61
List the prime factors of 3128.
2, 17, 23
What are the prime factors of 65851?
65851
What are the prime factors of 9639?
3, 7, 17
List the prime factors of 145724.
2, 17, 2143
What are the prime factors of 601?
601
List the prime factors of 1937.
13, 149
What are the prime factors of 19888?
2, 11, 113
List the prime factors of 50130.
2, 3, 5, 557
What are the prime factors of 34488?
2, 3, 479
List the prime factors of 26956.
2, 23, 293
List the prime factors of 7162.
2, 3581
List the prime factors of 8388.
2, 3, 233
List the prime factors of 2701.
37, 73
List the prime factors of 24285.
3, 5, 1619
What are the prime factors of 1313?
13, 101
What are the prime factors of 3530?
2, 5, 353
List the prime factors of 1763.
41, 43
List the prime factors of 3450.
2, 3, 5, 23
List the prime factors of 395.
5, 79
List the prime factors of 1122.
2, 3, 11, 17
List the prime factors of 55085.
5, 23, 479
What are the prime factors of 8193?
3, 2731
What are the prime factors of 37418?
2, 53, 353
What are the prime factors of 8875?
5, 71
What are the prime factors of 1169?
7, 167
What are the prime factors of 8189?
19, 431
List the prime factors of 657.
3, 73
What are the prime factors of 781?
11, 71
What are the prime factors of 893?
19, 47
List the prime factors of 4047.
3, 19, 71
What are the prime factors of 1675?
5, 67
What are the prime factors of 70119?
3, 7, 53
What are the prime factors of 999?
3, 37
What are the prime factors of 528?
2, 3, 11
What are the prime factors of 22?
2, 11
What are the prime factors of 75691?
7, 11, 983
What are the prime factors of 3467?
3467
What are the prime factors of 12916?
2, 3229
List the prime factors of 2871.
3, 11, 29
List the prime factors of 99734.
2, 47, 1061
List the prime factors of 3349.
17, 197
What are the prime factors of 1447?
1447
List the prime factors of 16725.
3, 5, 223
List the prime factors of 2164.
2, 541
List the prime factors of 181.
181
List the prime factors of 2249.
13, 173
List the prime factors of 8396.
2, 2099
What are the prime factors of 1351?
7, 193
List the prime factors of 1111.
11, 101
What are the prime factors of 13125?
3, 5, 7
List the prime factors of 56993.
56993
List the prime factors of 24541.
11, 23, 97
What are the prime factors of 11738?
2, 5869
What are the prime factors of 29453?
29453
What are the prime factors of 6611?
11, 601
What are the prime factors of 6483?
3, 2161
List the 